 o.
37
Suppose -14429 = -46*q + 123801. What are the prime factors of q?
5, 601
Let c(s) = 5*s - 3. Let r be c(2). Suppose r*z = 11*z - 276. What are the prime factors of z?
3, 23
Suppose -5*r + 7674 = 4*g - 3626, g + 3*r - 2832 = 0. List the prime factors of g.
2, 3, 5, 47
Suppose 0*t = 6*t - 18. Suppose 14 = t*z - 2*z. What are the prime factors of z?
2, 7
Suppose -4*h = 232*x - 228*x - 9628, -3*x - 15 = 0. What are the prime factors of h?
2, 3, 67
Let q(c) = -2*c**2 - c + 3. Let a be q(-2). List the prime factors of a/((-15)/(-10)) + 190.
2, 47
Suppose 2*a - 25 = 4*k + 51, 0 = k + 3*a + 33. Let v = k + 67. What are the prime factors of v?
2, 23
Let n(q) = 2*q**2 - q - 4. Let b be n(-2). Let m be b/14 + 336/(-98). What are the prime factors of (9/(-6))/(m/86)?
43
Let u(h) = h**3 - 4*h**2 + 2*h. Let d be u(3). Let x be -16*(d/3)/1. Let m = 40 - x. List the prime factors of m.
2, 3
Let l(o) = o**2 + o + 410. List the prime factors of l(0).
2, 5, 41
Let r(y) = -33*y - 117. List the prime factors of r(-23).
2, 3, 107
Suppose 0 = -0*q - q - 2*g + 308, -3*q + 928 = 5*g. What are the prime factors of q?
2, 79
Let l(k) = -50*k**3 - k - 2. Let d be l(-1). Let j = 31 - 56. Let t = j + d. List the prime factors of t.
2, 3
Let b(i) = i**3 + 5*i**2 - 3*i - 1. Let v(o) = -o**2 - 1. Let z be v(2). Let l be b(z). What are the prime factors of 88/l + 6/(-21)?
2, 3
Let l(y) = -140*y + 129. List the prime factors of l(-8).
1249
Suppose 2*s - 554 = -5*z - 26, -5*z - 568 = -2*s. List the prime factors of s.
2, 137
Suppose 2*x = -z + 251, 0*x - 5*x - 786 = -3*z. Let d = 458 - z. List the prime factors of d.
3, 67
Let o(y) = 10*y + 13. Suppose 0 = -3*z + 66 + 6. What are the prime factors of o(z)?
11, 23
Let f = 383 - 245. Let h = 193 - f. Let z = h + -38. What are the prime factors of z?
17
Suppose y - 632 = 5*y. Let p = y + 104. Let o = p - -80. What are the prime factors of o?
2, 13
Suppose -287*p + 261*p = -25402. What are the prime factors of p?
977
Let m = 1116 - 497. List the prime factors of m.
619
Suppose 0 = 3*g - 5*g - 4*z + 70, -2*z = 2*g - 80. Let h = g - -20. List the prime factors of h.
5, 13
Let n(s) = -s**3 - 10*s**2 - 4*s + 12. Let b be n(-10). Let l(h) = -3*h**3 + 2*h**2 - h + 1. Let v be l(2). Let d = v + b. List the prime factors of d.
5, 7
Let m = 1059 + -745. What are the prime factors of m?
2, 157
Let y be (-429)/(-12) + 2/8. Suppose 13 = 5*s - 17. List the prime factors of s/(-8) + 1323/y.
2, 3
Suppose -4*b + 3*m = -m - 88, -131 = -5*b - 2*m. Let k = b - 27. What are the prime factors of ((-14)/(-4))/(k/(-8))?
2, 7
Let j = -101 + 612. List the prime factors of j.
7, 73
Let l = 58 - -1228. List the prime factors of l.
2, 643
Suppose -2*j - 4 = 0, 2*l = -5*j + 100 - 34. Let q = 15 - l. Let m = 44 + q. What are the prime factors of m?
3, 7
Let d = -26 - -31. Suppose p + 5*r + 420 = d*p, 0 = -p + 2*r + 108. List the prime factors of p.
2, 5
Suppose -96 - 6 = -17*q. Suppose a = 5*a - 96. Let j = a - q. What are the prime factors of j?
2, 3
Let b be (-2)/14 + 81/(-21). What are the prime factors of b + 9/(18/16)?
2
Let u(a) = a**3 + a**2 + a + 6. Let t be ((-14)/8)/(2/(-8)). Let w = -4 + t. What are the prime factors of u(w)?
3, 5
Let g(w) = -2*w**3 - 26*w**2 - 27*w - 60. What are the prime factors of g(-16)?
2, 3, 53
Let p = 60 + -26. Suppose 201 + p = 5*c. What are the prime factors of c?
47
Let b = 31 - 35. Let i(g) = -g**3 + 4*g**2 + g - 1. List the prime factors of i(b).
3, 41
Let f be 26/(-91) - (-184)/7. List the prime factors of ((-73)/(-4))/(-3 - f/(-8)).
73
Let b(l) = -l**3 + 14*l**2 - 13*l - 22. Let f = -51 + 63. What are the prime factors of b(f)?
2, 5, 11
Suppose -c + 16*j = 14*j - 1176, 0 = 5*c - 2*j - 5912. List the prime factors of c.
2, 37
Let m(p) = -p**3 - 8*p**2 - 21*p - 24. List the prime factors of m(-5).
2, 3
Let f(s) = 2*s**2 - s + 1. Let g(z) = -z**3 + 9*z**2 - 8*z - 2. Let m(l) = l**2 + 10*l - 3. Let w be m(-11). Let b be g(w). What are the prime factors of f(b)?
11
Let x(n) = 2*n - 3. Let c be x(3). Let a = 6 - c. Suppose -a*h = -0*h - 33. List the prime factors of h.
11
Let y = 31 - 18. What are the prime factors of y + 12 - (3 - 0)?
2, 11
Let p(a) be the first derivative of -3*a**2/2 - 5*a + 1. Suppose 11*i - 25*i - 126 = 0. List the prime factors of p(i).
2, 11
What are the prime factors of (1 + 10268/(-12))/((-36)/162)?
2, 3, 641
Suppose -2*v - 3*v - 4*i = 112, 5*i + 62 = -3*v. Suppose -5*w + 194 = 2*l, -2*w + 4*l = 16 - 108. Let a = w + v. What are the prime factors of a?
2
Suppose -5*d + 2*n = -207, -4*d = -9*d + 3*n + 208. Let o = d + 60. What are the prime factors of o?
101
What are the prime factors of 92320/72 - (0 - 8/(-36))?
2, 641
Let h(k) = 9 - 2*k**2 + 11*k + 4*k**2 - 3. Suppose -2*s + 8*p - 26 = 6*p, 5*p = 3*s + 49. What are the prime factors of h(s)?
2, 23
What are the prime factors of (-9321)/(-45) + 8/(-60)?
3, 23
Let c be 128/(-20)*-10*(-9)/(-6). List the prime factors of (11/(-11) - (1 - 1)) + c.
5, 19
What are the prime factors of (-23 + (5 - -3))*1608/(-15)?
2, 3, 67
Suppose 228*o = 209*o + 81643. List the prime factors of o.
4297
Let g = -633 + 2305. List the prime factors of g.
2, 11, 19
List the prime factors of (4070/6 - -2) + 34/51.
3, 227
Suppose 2*l + 4*z = 3*l - 7, 3*z = -l - 7. Let m(w) = -18*w + 2. Let s be m(l). List the prime factors of ((-8)/s)/((-1)/10).
2
Suppose 4*j + 5*f = -5, 2*j - 5*f - 3 = -2*f. Suppose 2*h = -4, j = -c - 5*h + 329 - 105. What are the prime factors of c?
2, 3, 13
Suppose 4*v = -12*o + 7*o + 7344, -5*o - 9225 = -5*v. List the prime factors of v.
7, 263
Suppose p + 1 = 4. Suppose -3*s = -4*w - 176, -2*s - p*w + 122 = -w. List the prime factors of s.
2, 3, 5
Let y = 423 + -63. List the prime factors of y.
2, 3, 5
Suppose -34 - 20 = -3*n. Suppose -9*t = -0*t - 31*t. Suppose -s - 5*v - 7 = t, -2*s - 2*v + 0*v = -n. List the prime factors of s.
13
Suppose 2*g - 34 = 4*g. Suppose -5*o - f + 17 = -164, 78 = 2*o - f. Let m = o + g. List the prime factors of m.
2, 5
Suppose -6*u - 6 + 6 = 0. Suppose o - 2*l - 224 - 77 = u, 4*l = o - 307. List the prime factors of o.
5, 59
Let d = 7182 + -3752. List the prime factors of d.
2, 5, 7
Suppose 8*i - 6 = 18. Suppose -3 = -3*r, -i*r = -2*t + 3*t - 7. List the prime factors of t.
2
Let s(h) = -h**3 + 13*h**2 - 13*h + 12. Let w be s(12). Suppose -14 + w = -q. Let c = q + 13. List the prime factors of c.
3
Suppose -227*m + 1365 = -224*m. List the prime factors of m.
5, 7, 13
Let f(d) = -d**3 - d**2 + d + 1. Let w be f(-2). Suppose 126 = w*l - 123. List the prime factors of l.
83
Let g(j) = 4*j**2 - 4*j + 2. Let b(n) = 2*n + 19. Let q be b(-8). What are the prime factors of g(q)?
2, 13
Let n(c) = 3*c**2 + 2*c + 3. Let q(v) = v + 6. Let r be q(-13). Let w be n(r). Suppose w = u + 3*u. List the prime factors of u.
2, 17
Suppose -132 = 2*u - 1262. List the prime factors of u.
5, 113
Let o be (-12)/18*(-27)/6. Suppose -o*r + 5*c + 163 = 0, -2*c = -5*r - 7*c + 245. List the prime factors of r.
3, 17
Suppose -5*z = -677 - 413. What are the prime factors of z?
2, 109
What are the prime factors of (-26515)/(-45) + 20/(-90)?
19, 31
Let h be ((-72)/(-6))/((-3)/(-4)). Suppose -6*b + h = -4*b. List the prime factors of b.
2
Let l(k) = 17*k**3 + 4*k - 6. Let u be l(2). Suppose -u = -28*y + 25*y. List the prime factors of y.
2, 23
What are the prime factors of (-114)/(-684) + 37402/12?
3, 1039
Suppose 3*d - 9 = 0, 7*d + 736 = 2*m + 9*d. List the prime factors of m.
5, 73
Let b be (3/6)/(1/50). Suppose 0 = -y - 5 + b. Suppose -y = g - 2*g. What are the prime factors of g?
2, 5
Let j = -1905 - -2752. List the prime factors of j.
7, 11
Let l(y) = -y**3 + 9*y**2 + 8*y + 8. Let i be l(10). Let z(p) = p**2 + 6*p - 11. List the prime factors of z(i).
61
Suppose -4*a = -4*z + 220, a + 130 = 2*z + 3*a. What are the prime factors of z?
2, 3, 5
Let k = 255 + 957. List the prime factors of k.
2, 3, 101
Suppose 0 = 2*q - 186 + 98. What are the prime factors of q?
2, 11
Let o be (4 - 0)*6/8. Suppose 2*w = 10, -o*m = -m + 4*w - 282. List the prime factors of m.
131
Suppose p = -4*p + 10. Suppose 135 = p*z - 21. List the prime factors of z.
2, 3, 13
Suppose 4*l - 4 = y, l = 3*y + 6*l - 22. Let d = 6 - y. Suppose -3*w - w = -3*b - 58, d = b. List the prime 